16
Calculate the highest common factor of 470741835 and 60.
15
Calculate the highest common factor of 40 and 50712440.
40
Calculate the greatest common divisor of 87675062 and 1711.
1711
What is the greatest common factor of 39122 and 124434?
62
What is the highest common divisor of 17512 and 2232?
8
Calculate the highest common factor of 28667 and 102569.
109
Calculate the highest common factor of 57 and 5418211.
19
Calculate the highest common factor of 1350 and 51892050.
150
What is the highest common divisor of 847 and 6692917?
77
Calculate the greatest common factor of 15061275 and 25.
25
Calculate the highest common factor of 803981191 and 1118.
559
What is the greatest common factor of 655 and 308898?
131
What is the greatest common divisor of 25594 and 162006?
134
What is the highest common divisor of 1190 and 1097110?
70
What is the greatest common factor of 9783306 and 1872?
234
What is the greatest common factor of 1534 and 1160874?
26
What is the highest common divisor of 20176 and 138470992?
1552
What is the highest common factor of 15126975 and 9675?
225
What is the greatest common divisor of 1748 and 14541612?
1748
What is the greatest common factor of 177 and 7958220?
3
What is the highest common factor of 368997 and 90663?
141
What is the greatest common factor of 38384 and 22432?
16
What is the highest common divisor of 27429435 and 786?
393
What is the highest common divisor of 1997671 and 98735?
403
What is the highest common divisor of 5360 and 931920?
80
What is the highest common divisor of 3450 and 163645?
115
Calculate the greatest common factor of 47 and 2611278311.
47
Calculate the highest common divisor of 20437350 and 20.
10
Calculate the greatest common factor of 245824 and 5696.
64
Calculate the greatest common factor of 147030725 and 725.
725
What is the highest common divisor of 159401 and 137833?
337
Calculate the highest common divisor of 9087552 and 256.
64
Calculate the highest common factor of 1472 and 1625824.
736
What is the greatest common divisor of 559079 and 391?
17
What is the highest common factor of 4355 and 125491?
67
Calculate the highest common divisor of 159399 and 1953.
9
Calculate the highest common factor of 1289291 and 28622.
1301
What is the greatest common divisor of 31799088 and 8?
8
Calculate the highest common factor of 152500 and 50386.
122
Calculate the greatest common divisor of 6451138 and 2335.
467
What is the greatest common factor of 108 and 224687682?
54
Calculate the highest common divisor of 198 and 13837932.
18
Calculate the highest common factor of 24311 and 70269209.
3473
What is the greatest common divisor of 3151531 and 7633?
449
What is the highest common divisor of 1072 and 727553?
67
Calculate the highest common divisor of 105408 and 3648.
192
What is the greatest common divisor of 11190 and 101922250?
3730
What is the greatest common divisor of 2364 and 231579804?
2364
What is the highest common factor of 36113112 and 336?
168
What is the highest common factor of 458370 and 5490?
90
Calculate the highest common divisor of 155488 and 51944.
344
What is the highest common divisor of 23315070 and 720?
30
Calculate the highest common divisor of 61493247 and 873.
873
Calculate the highest common factor of 90913134 and 78.
78
Calculate the highest common divisor of 329487352 and 488.
488
What is the greatest common factor of 1174541746 and 28?
14
What is the greatest common divisor of 41976677 and 838?
419
Calculate the greatest common divisor of 99640 and 1790.
10
Calculate the greatest common divisor of 2499 and 129516555.
147
Calculate the greatest common divisor of 77 and 3061289.
77
Calculate the highest common factor of 294912 and 4932.
36
Calculate the highest common divisor of 4324 and 1769127.
47
Calculate the greatest common divisor of 16965375 and 1449.
483
What is the highest common divisor of 210 and 42978720?
30
What is the highest common divisor of 244532 and 14552900?
2164
What is the highest common divisor of 4444560 and 154080?
720
Calculate the highest common factor of 1086 and 6135.
3
What is the highest common divisor of 56784736 and 32?
32
What is the highest common factor of 697538160 and 1914?
1914
Calculate the highest common divisor of 4583920 and 1969.
11
What is the greatest common factor of 26523 and 453159?
63
Calculate the greatest common factor of 28208123 and 1189.
41
What is the highest common factor of 371041 and 178?
89
Calculate the highest common divisor of 12146884 and 16932.
332
Calculate the highest common divisor of 78 and 19343766.
78
What is the highest common divisor of 149270 and 317768690?
13570
Calculate the greatest common factor of 322184 and 18220906.
3502
What is the greatest common divisor of 37046019 and 2148?
537
Calculate the highest common factor of 512535 and 149322165.
10905
Calculate the highest common divisor of 311318213 and 31.
31
Calculate the highest common divisor of 2022 and 21729423.
1011
Calculate the greatest common factor of 34250 and 560250.
250
What is the greatest common factor of 287 and 71765539?
41
What is the highest common divisor of 1375966 and 1054?
62
What is the highest common factor of 12551 and 14437073?
1141
What is the highest common factor of 221227984 and 2944?
368
Calculate the highest common divisor of 23429450 and 3850.
550
Calculate the highest common divisor of 262637 and 1978.
23
What is the greatest common divisor of 764659 and 112?
7
Calculate the highest common factor of 10315218 and 18.
6
Calculate the greatest common factor of 310 and 50570052.
62
Calculate the highest common factor of 260 and 15910.
10
Calculate the highest common divisor of 1170 and 322665.
15
Calculate the highest common factor of 84978729 and 495.
99
What is the highest common divisor of 20175 and 319303?
269
Calculate the greatest common factor of 14935 and 15221665.
145
Calculate the greatest common divisor of 330180958 and 134.
134
What is the greatest common factor of 3524 and 343031446?
1762
What is the greatest common factor of 11410 and 107310?
70
Calculate the greatest common factor of 77629 and 255811.
521
What is the highest common divisor of 50 and 154899370?
10
Calculate the highest common divisor of 4516333 and 559.
43
Calculate the greatest common divisor of 5510 and 120903900.
290
Calculate the highest common divisor of 40762624 and 224.
224
Calculate the highest common factor of 43679 and 9627697.
1409
What is the greatest common factor of 459 and 6244389?
153
What is the greatest common divisor of 1554 and 350329?
7
What is the greatest common divisor of 14048126 and 73736?
1418
Calculate the highest common divisor of 10823227 and 17969.
151
What is the highest common divisor of 27530483 and 4595?
919
What is the greatest common divisor of 1640719861 and 11?
11
Calculate the greatest common factor of 949892 and 12824.
916
What is the highest common factor of 4356 and 15201351?
1089
What is the greatest common divisor of 228813741 and 635?
127
Calculate the highest common divisor of 188314669 and 949.
73
Calculate the highest common factor of 1359272 and 264.
8
What is the highest common divisor of 610401451 and 22?
11
Calculate the highest common divisor of 1371 and 1762343724.
1371
Calculate the highest common factor of 10939198 and 74.
74
What is the highest common divisor of 4477250 and 1030?
10
Calculate the greatest common divisor of 1062 and 21401955.
531
What is the greatest common divisor of 276356970 and 60?
30
Calculate the highest common factor of 780 and 98173140.
780
What is the highest common divisor of 15387712 and 320?
64
What is the highest common divisor of 1836 and 225869004?
612
Calculate the greatest common divisor of 2867080 and 277944.
2504
What is the highest common factor of 390 and 17257305?
195
What is the greatest common divisor of 18857891 and 39?
13
What is the highest common divisor of 102096 and 7056?
144
What is the greatest common divisor of 577168140 and 30?
30
Calculate the greatest common factor of 37836259 and 1462.
43
Calculate the greatest common factor of 1629 and 21654297.
1629
What is the greatest common divisor of 88719635 and 5?
5
Calculate the highest common divisor of 62821 and 27178649.
5711
What is the greatest common divisor of 1029